 130*c - 385236. List the prime factors of c.
3, 29, 41
What are the prime factors of (0 - -52)*(-13)/(-12)*339?
13, 113
Let b = 29811 - 16599. List the prime factors of b.
2, 3, 367
Let u(n) = 44 + 87 + 163 - 3*n + 57. Let y be u(0). Let w = y - 206. What are the prime factors of w?
5, 29
Let l = 25912 + -13879. List the prime factors of l.
3, 7, 191
Let y = 43 - 41. Suppose -y*v - 14 = 2*h, -11 = 3*v - 2. List the prime factors of 11/(22/h) + 166.
2, 41
List the prime factors of (-6)/(-11) - 473463/(-99).
4783
Let c(a) = a**2 - 5*a - 16. Let s be c(12). Let t = 70 - s. Suppose 5*x - 182 = 3*x + 4*k, 2*k - 200 = -t*x. What are the prime factors of x?
97
Let j(t) = -9*t + 3. Let k be j(-7). Let b(s) = s**3 - 6*s**2 - 34*s + 182. Let v be b(8). Let d = k - v. What are the prime factors of d?
2, 7
Let l be 2*-1 - (2 + -6 + -1). Suppose -22 + 466 = l*x. What are the prime factors of x?
2, 37
Let w(k) = k**2 - 26*k + 27. Suppose -2*j = f - 52, 5*f + 40 = 3*j - j. Let r be w(j). Suppose -r*s + 114 = -128. List the prime factors of s.
11
Suppose 2*w + 310 = b - 634, 5*w + b = -2367. Let p = -227 - w. List the prime factors of p.
2, 3, 41
Let h be (-42 + (-3 - -5))*(-4)/10. Suppose 10 - h = 6*g. What are the prime factors of (0 - g)/((16/100)/4)?
5
Let f(v) = -144*v + 97 + 69*v + 54*v. List the prime factors of f(-25).
2, 311
Suppose -6*t - 45 = -15*t. Suppose 0 = 3*q - 0*q - c - 12, 24 = t*q - 3*c. Suppose -249 = -0*g - q*g. What are the prime factors of g?
83
Let u = 12224 - 10256. What are the prime factors of u?
2, 3, 41
Let d be -4 + 10156/(-12) + 1/3. Let u be (d/35)/(1/(-7)). Let z = u + -119. What are the prime factors of z?
3, 17
Let n(k) = 11*k**2 - 7*k - 4. Let i(x) = -54*x**2 + 36*x + 20. Suppose -146*b = -147*b + 2. Let g(s) = b*i(s) + 11*n(s). List the prime factors of g(4).
2, 23
Let u(z) = -314*z + 160. What are the prime factors of u(-1)?
2, 3, 79
Let x(s) be the third derivative of -s**5/60 - s**4/8 + s**3/2 - 17*s**2. Let l be x(0). Suppose 0*t + 5*t + 2*a = 75, 0 = l*a. What are the prime factors of t?
3, 5
Suppose -43 = -m - 2*f, 0 = -5*m + 2*f + 81 + 122. Suppose 53*r - 3048 = m*r. List the prime factors of r.
2, 127
Let s = -797 - 1237. What are the prime factors of (-1 - -2)*1 + s/(-2)?
2, 509
Suppose -4*l + 9*l - 10 = 0. Let y be l - 2*((-12)/8 - -1). Suppose -y*f + 266 = -5*h, 0*f + 5*f = 4*h + 465. List the prime factors of f.
97
Suppose -2*t + 4*k = 114, -8*k + 7*k = 4*t + 201. Suppose 3*d + 5*m = -52, -2*d - 4*m + 2 = 36. Let c = d - t. What are the prime factors of c?
2
Suppose 116*d - 16 = 112*d. Suppose 0 = -55*j + 54*j + d. What are the prime factors of 130 + 6*2/j?
7, 19
Let l be 5 + (-2)/(13/(182/(-4))). Let r = 875 - l. List the prime factors of r.
863
Let x = 961 - -3720. What are the prime factors of x?
31, 151
Let x = -16 - -549. Suppose -5*r = -2*j - 1285, -2*r - 10*j + 7*j = -x. List the prime factors of r.
7, 37
What are the prime factors of (-174864)/(-15) - (-576)/(-360)?
2, 31, 47
Let h(j) = j + 1. Let u(q) = 21*q - 26. Let s(a) = 4*h(a) - u(a). Let d be s(-12). Suppose 23*t - d = 21*t. List the prime factors of t.
3, 13
Suppose -260*a + 4*w - 52124 = -263*a, 5*a + 3*w - 86877 = 0. What are the prime factors of a?
2, 3, 181
Let c(o) = 7*o**2 - 2*o + 17. Let v be c(-10). Let u = v + -526. List the prime factors of u.
211
Let z(y) = -y**3 - 33*y**2 - 4*y - 120. Let n be z(-33). List the prime factors of 118*33/n - 24/(-16).
2, 163
Suppose -4*z = 0, -4*z + 6*z - 39 = -3*r. Suppose 2670 - 9118 = -r*h. List the prime factors of h.
2, 31
Suppose -5*b + 16*b = -3861. Let g = b + 843. What are the prime factors of g?
2, 3, 41
Suppose 0 = -6*a + 35595 - 7923. List the prime factors of a.
2, 1153
Suppose 4*f + 482 = 3*o + 148, 458 = 4*o + f. Suppose -361 = 4*i - 97. Let b = o + i. What are the prime factors of b?
2, 3
Let z = -655 - -215. Let r = z - -621. List the prime factors of r.
181
Let x(c) = -4 + 22 + c**3 - c + 0*c. Let a(d) = d**2 - 14*d - 51. Let l be a(17). List the prime factors of x(l).
2, 3
Suppose 0 = 4*h - 2955 - 2021. Let q = h + -356. What are the prime factors of q?
2, 3, 37
Let j(l) = 10*l**2 - 8*l + 3. Let a be j(2). Let c(s) = 2*s**3 - 52*s**2 - 36*s + 49. What are the prime factors of c(a)?
5, 107
Suppose -26873 = -23*u + 37550. List the prime factors of u.
2801
Suppose -4*t = 5*c + 85, -2*c - 25 = -3*t + 4*t. Let i = t + -11. Let g = 72 + i. What are the prime factors of g?
2, 23
Let s(h) = 30*h**2 + 183*h + 3175. What are the prime factors of s(-18)?
9601
Suppose 13*b = 7*b. Suppose b = -4*n + 2*t + 1920, -4*n - 206 = -3*t - 2128. What are the prime factors of n?
479
Let g(m) = -293*m + 1893. What are the prime factors of g(-7)?
2, 17, 29
Suppose -3*z + 505 = -0*z - c, -z = -4*c - 183. Suppose -2222 = -79*l + 1017. Let g = l + z. What are the prime factors of g?
2, 13
Let y be (-2 + 1)/(23/(-230)). What are the prime factors of y/(-15) + 7960/15?
2, 5, 53
Suppose -5*a - 10 = -7*a. Suppose -2*v = 3*n - 271, 5*n + a*v - 2*v - 453 = 0. What are the prime factors of n?
3, 31
Let n(r) be the first derivative of -r**2 - 12*r + 9. Let b be n(6). What are the prime factors of (-5)/(-30) + (-2036)/b?
5, 17
Let s be (-1323 - -2) + (-2)/(-2). Let b be s*(6/(-4) + 1). Suppose 0*c - b = -6*c. List the prime factors of c.
2, 5, 11
Let n = -813 + 1405. Suppose z = 3*z + 4*g - n, 1480 = 5*z + 4*g. List the prime factors of z.
2, 37
Let l(s) = -s**2 + 1. Let r(x) = 4*x**2 - 56*x - 101. Let c(d) = -6*l(d) - r(d). List the prime factors of c(-32).
3, 13
Let j = -8577 + 11729. List the prime factors of j.
2, 197
Let d(c) = 595*c**3 + c**2 + 12*c - 6. Let b be d(3). Suppose 5*i = -19*i + b. What are the prime factors of i?
11, 61
Suppose 4*d - 2*q + 5*q = -15, 0 = -4*d - 5*q - 25. Suppose -c - 5*w + 2*w + 450 = d, w = 3*c - 1350. List the prime factors of c.
2, 3, 5
Let m be 16/(-12)*9/(-6). Suppose m = -v + 3*v. Let c(h) = 30*h**2 - h + 2. What are the prime factors of c(v)?
31
Suppose -1966 = -4*h + h + 5*k, -k - 3262 = -5*h. Suppose -3*c = g - 2*c - h, 0 = g + 3*c - 662. What are the prime factors of g?
647
Suppose -29 - 7 = 9*j. Let r(h) be the second derivative of -3*h**5/20 - h**4/4 - 2*h**3/3 - 11*h**2 + 12*h. List the prime factors of r(j).
2, 3, 23
Let n(h) = -h**3 - h**2 - h. Let p(g) = 171*g**3 + 3*g**2 + 10*g - 4. Let u(l) = 6*n(l) + p(l). Let k be u(2). List the prime factors of (-6)/(-15) - k/(-20).
2, 3, 11
Suppose 7*i = 26054 + 54817. List the prime factors of i.
3, 3851
Let i(b) = -7*b**3 - 13 - 5*b**2 + 8*b**3 - 3*b + b + 13*b**2. Let g be i(-8). Suppose -287 = -g*j + 4*q, -j - 481 = -6*j + 4*q. List the prime factors of j.
97
Suppose -5*i - 3 = -3*u, 4*u - 4 = -5*i - 0. Let r be (-1)/(-2) + (-57)/(-2). What are the prime factors of (i - -1)*r - 5?
2, 3
Suppose 0 = -6786*x + 6774*x + 5592. What are the prime factors of x?
2, 233
Let t be 9/(-6)*11834/(-183). Suppose -95 = 5*j - 10. Let n = t - j. What are the prime factors of n?
2, 3, 19
Let p(x) = -x**2 - 27*x - 4. Let n be p(-15). Let a = -111 + n. What are the prime factors of a?
5, 13
Suppose -42*q - 54 = -33*q. List the prime factors of q/1 + ((-903)/(-7) - -2).
5
What are the prime factors of -2 + 22573 - (-12)/((-144)/(-60))?
2, 17, 83
Let d(l) = -2393*l**3 + 2*l**2 + l. Let x be d(-1). Suppose 846 = 9*u - x. What are the prime factors of u?
2, 3, 5
Suppose -23*q + 65*q - 19656 = 0. List the prime factors of q.
2, 3, 13
List the prime factors of (-1)/(8/(-6)) - (-92769327)/1932.
2, 3, 53, 151
Suppose -4*h - 176 = -4*p, 4*p - 186 = -3*h + 11. Let z be 1 - (0 - (p + 1)). Let u = z + -21. What are the prime factors of u?
2, 7
Let g be ((-4)/32)/((-1)/8). What are the prime factors of g*(7/(-21) - (-3644)/6)?
607
Let x = -1013 + 1912. Let z = x + -287. List the prime factors of z.
2, 3, 17
Suppose 44*g + 30*g - g - 211408 = 0. List the prime factors of g.
2, 181
Let t(b) = -2*b**3 + 55*b**2 - 28*b + 31. Let m be t(27). What are the prime factors of (0 + 2)/(m/2242 - 0)?
19, 59
Let a(o) = 6*o + 54. Let j be a(-7). Suppose -j*w = -16*w + 3008. What are the prime factors of w?
2, 47
Let n = 970 - -304. Let r = n + -95. What are the prime factors of r?
3, 131
Suppose -6*z + 19 + 29 = 0. Let m be z/(-5)*(-105)/(-42). Let c = m - -19. List t